{"id":9,"date":"2022-04-17T20:47:36","date_gmt":"2022-04-17T20:47:36","guid":{"rendered":"https:\/\/canoteam.fi\/?page_id=9"},"modified":"2022-04-18T09:08:46","modified_gmt":"2022-04-18T09:08:46","slug":"ota-yhteytta","status":"publish","type":"page","link":"https:\/\/canoteam.fi\/?page_id=9","title":{"rendered":"Ymp\u00e4rist\u00f6"},"content":{"rendered":"\n<h2 class=\"wp-block-heading\"><img loading=\"lazy\" decoding=\"async\" width=\"150\" height=\"45\" class=\"wp-image-105\" style=\"width: 150px;\" src=\"https:\/\/canoteam.fi\/wp-content\/uploads\/2022\/04\/vision.png\" alt=\"\" srcset=\"https:\/\/canoteam.fi\/wp-content\/uploads\/2022\/04\/vision.png 600w, https:\/\/canoteam.fi\/wp-content\/uploads\/2022\/04\/vision-300x90.png 300w\" sizes=\"auto, (max-width: 150px) 100vw, 150px\" \/><br>Ymp\u00e4rist\u00f6arvot<\/h2>\n\n\n\n<p>Canon Business Center Kemi\/Tornio:n ymp\u00e4rist\u00f6arvot pohjautuvat Canon Inc:n ja Canon Euroopan laatimaan kest\u00e4v\u00e4n kehityksen ohjelmaan. Se kattaa Canon liiketoimintamme ja sen aiheuttamat ymp\u00e4rist\u00f6vaikutukset toimialueellamme.<\/p>\n\n\n\n<h3 class=\"wp-block-heading\">Kyosei-yritysfilosofia<\/h3>\n\n\n\n<p>Canon Business Center Kemi\/Tornio:n ymp\u00e4rist\u00f6arvot pohjautuvat Canon Inc:n ja Canon Euroopan laatimaan kest\u00e4v\u00e4n kehityksen ohjelmaan. Se kattaa Canon liiketoimintamme ja sen aiheuttamat ymp\u00e4rist\u00f6vaikutukset toimialueellamme.<\/p>\n\n\n\n<h3 class=\"wp-block-heading\">Ymp\u00e4rist\u00f6lupaus<\/h3>\n\n\n\n<p>S\u00e4\u00e4st\u00e4mme ymp\u00e4rist\u00f6\u00e4 luonnonvarojen mahdollisimman tehokkaalla k\u00e4yt\u00f6ll\u00e4 ja autamme osaltamme sellaisen yhteiskunnan aikaansaamisessa, joka ottaa huomioon kest\u00e4v\u00e4n kehityksen periaatteen.<\/p>\n\n\n\n<h3 class=\"wp-block-heading\">Lupauksen periaatteet<\/h3>\n\n\n\n<p>Huomioimme sopusoinnun ekologisten ja taloudellisten etujen v\u00e4lill\u00e4 kaikessa liiketoiminnassamme. Tarjoamme tuotteita, joiden taustalla ovat luonnonvarojen s\u00e4\u00e4st\u00e4miseen t\u00e4ht\u00e4\u00e4v\u00e4t innovaatiot. Ymp\u00e4rist\u00f6lupauksen perusperiaatteiden toteutumista tuemme seuraavasti:<br><br>1) Yll\u00e4pid\u00e4mme ja kehit\u00e4mme ymp\u00e4rist\u00f6j\u00e4rjestelm\u00e4\u00e4mme, joka on suunniteltu toimintamme jatkuvaan parantamiseen.<br><br>2) Parannamme henkil\u00f6kuntamme ja yhteisty\u00f6kumppaniemme ymp\u00e4rist\u00f6tietoisuutta ja kannustamme heit\u00e4 ymp\u00e4rist\u00f6my\u00f6nteiseen toimintaa.<br><br>3) Hankinnoissamme suosimme materiaaleja, tuotteita ja palveluita, joiden ymp\u00e4ris\u00f6rasitus on v\u00e4h\u00e4inen.<br><br>4) Noudatamme kaikessa toiminnassamme kansallista ymp\u00e4rist\u00f6lains\u00e4\u00e4d\u00e4nt\u00f6\u00e4, paikallisia viranomaisohjeita ja Canon Oy:n asettamia ymp\u00e4rist\u00f6vaatimuksia.<br><br>5) Edist\u00e4mme mahdollisuuksiemme mukaan ymp\u00e4rist\u00f6nsuojelua s\u00e4\u00e4st\u00e4m\u00e4ll\u00e4 luonnonvaroja ja torjumalla kaiken sellaisen toiminnan, joka muodostaa uhan ymp\u00e4rist\u00f6lle tai ihmisten terveydelle ja turvallisuudelle.<br><br>6) Huolehdimme elinkaaren loppuvaiheessa olevien Canon-tuotteiden ker\u00e4yksest\u00e4 ja kierr\u00e4tyksest\u00e4.<br><br>7) Yll\u00e4pid\u00e4mme l\u00e4heisi\u00e4 suhteita julkiseen valtaan, ymp\u00e4r\u00f6iv\u00e4\u00e4n yhteis\u00f6\u00f6n ja muihin sidosryhmiin ja viestimme avoimesti Canonin kest\u00e4v\u00e4n kehityksen ohjelmasta ja siihen liittyvist\u00e4 toimenpiteist\u00e4.<\/p>\n\n\n\n<h3 class=\"wp-block-heading\">Toimenpiteet<\/h3>\n\n\n\n<p>\u2022 Ymp\u00e4rist\u00f6politiikka<br>\u2022 Laitteiden kierr\u00e4tys<br>\u2022 V\u00e4rikasettien kierr\u00e4tys<br>\u2022 Ymp\u00e4rist\u00f6merkinn\u00e4t<br>\u2022 S\u00e4hk\u00f6- ja elektroniikkalaitteet &amp; ymp\u00e4rist\u00f6<\/p>\n","protected":false},"excerpt":{"rendered":"<p>Ymp\u00e4rist\u00f6arvot Canon Business Center Kemi\/Tornio:n ymp\u00e4rist\u00f6arvot pohjautuvat Canon Inc:n ja Canon Euroopan laatimaan kest\u00e4v\u00e4n kehityksen ohjelmaan. Se kattaa Canon liiketoimintamme ja sen aiheuttamat ymp\u00e4rist\u00f6vaikutukset toimialueellamme. Kyosei-yritysfilosofia Canon Business Center Kemi\/Tornio:n ymp\u00e4rist\u00f6arvot pohjautuvat Canon Inc:n ja Canon Euroopan laatimaan kest\u00e4v\u00e4n kehityksen<\/p>\n","protected":false},"author":1,"featured_media":0,"parent":0,"menu_order":0,"comment_status":"closed","ping_status":"closed","template":"page-templates\/contact.php","meta":{"footnotes":""},"class_list":["post-9","page","type-page","status-publish","hentry"],"_links":{"self":[{"href":"https:\/\/canoteam.fi\/index.php?rest_route=\/wp\/v2\/pages\/9","targetHints":{"allow":["GET"]}}],"collection":[{"href":"https:\/\/canoteam.fi\/index.php?rest_route=\/wp\/v2\/pages"}],"about":[{"href":"https:\/\/canoteam.fi\/index.php?rest_route=\/wp\/v2\/types\/page"}],"author":[{"embeddable":true,"href":"https:\/\/canoteam.fi\/index.php?rest_route=\/wp\/v2\/users\/1"}],"replies":[{"embeddable":true,"href":"https:\/\/canoteam.fi\/index.php?rest_route=%2Fwp%2Fv2%2Fcomments&post=9"}],"version-history":[{"count":2,"href":"https:\/\/canoteam.fi\/index.php?rest_route=\/wp\/v2\/pages\/9\/revisions"}],"predecessor-version":[{"id":111,"href":"https:\/\/canoteam.fi\/index.php?rest_route=\/wp\/v2\/pages\/9\/revisions\/111"}],"wp:attachment":[{"href":"https:\/\/canoteam.fi\/index.php?rest_route=%2Fwp%2Fv2%2Fmedia&parent=9"}],"curies":[{"name":"wp","href":"https:\/\/api.w.org\/{rel}","templated":true}]}}